{"id":3955,"date":"2020-03-02T15:53:50","date_gmt":"2020-03-02T12:53:50","guid":{"rendered":"https:\/\/instituutit.fi\/hallinta\/wp-content\/uploads\/2020\/03\/wild_at_heart-2_c_Maija-Astikainen.jpg"},"modified":"2020-06-24T14:55:41","modified_gmt":"2020-06-24T11:55:41","slug":"wild_at_heart-2_c_maija-astikainen-2-2","status":"inherit","type":"attachment","link":"https:\/\/instituutit.fi\/sv\/wild_at_heart-2_c_maija-astikainen-2-2\/","title":{"rendered":"wild_at_heart-2_c_Maija-Astikainen"},"author":6,"featured_media":0,"comment_status":"closed","ping_status":"closed","template":"","meta":{"_acf_changed":false},"class_list":["post-3955","attachment","type-attachment","status-inherit","hentry"],"acf":[],"description":{"rendered":"<p class=\"attachment\"><a href='https:\/\/instituutit.fi\/hallinta\/wp-content\/uploads\/2020\/03\/wild_at_heart-2_c_Maija-Astikainen.jpg'><img loading=\"lazy\" decoding=\"async\" width=\"300\" height=\"450\" src=\"https:\/\/instituutit.fi\/hallinta\/wp-content\/uploads\/2020\/03\/wild_at_heart-2_c_Maija-Astikainen-300x450.jpg\" class=\"attachment-medium size-medium\" alt=\"Esineit\u00e4 n\u00e4yttelyss\u00e4\" srcset=\"https:\/\/instituutit.fi\/hallinta\/wp-content\/uploads\/2020\/03\/wild_at_heart-2_c_Maija-Astikainen-300x450.jpg 300w, https:\/\/instituutit.fi\/hallinta\/wp-content\/uploads\/2020\/03\/wild_at_heart-2_c_Maija-Astikainen-460x690.jpg 460w, https:\/\/instituutit.fi\/hallinta\/wp-content\/uploads\/2020\/03\/wild_at_heart-2_c_Maija-Astikainen.jpg 720w\" sizes=\"auto, (max-width: 300px) 100vw, 300px\" \/><\/a><\/p>\n"},"caption":{"rendered":"<p>Instituuttien osallistuminen yli 20 messuille toi laajaa kansainv\u00e4lisille n\u00e4kyvyytt\u00e4 suomalaisille tekij\u00f6ille. Suomi oli Vienna Design Weekin vuoden 2019 teemamaa. Muotoilija Tero Kuitusen kuratoima Wild at Heart -n\u00e4yttely oli Vienna Design Weekin teemamaaohjelman ytimess\u00e4. Sis\u00e4lt\u00f6\u00e4 koordinoi Suomen Saksan-instituutti. Wienin designviikon j\u00e4lkeen n\u00e4yttely on n\u00e4hty Budapestissa ja Tukholmassa, my\u00f6hemmin se siirtyy viel\u00e4 Tokioon ja syyskuussa 2020 Helsingin Habitare-messuille. Kuva \u00a9 Maija Astikainen<\/p>\n"},"alt_text":"Esineit\u00e4 n\u00e4yttelyss\u00e4","media_type":"image","mime_type":"image\/jpeg","media_details":{"width":720,"height":1080,"file":"2020\/03\/wild_at_heart-2_c_Maija-Astikainen.jpg","sizes":{"medium":{"file":"wild_at_heart-2_c_Maija-Astikainen-300x450.jpg","width":300,"height":450,"mime_type":"image\/jpeg","source_url":"https:\/\/instituutit.fi\/hallinta\/wp-content\/uploads\/2020\/03\/wild_at_heart-2_c_Maija-Astikainen-300x450.jpg"},"large":{"file":"wild_at_heart-2_c_Maija-Astikainen-460x690.jpg","width":460,"height":690,"mime_type":"image\/jpeg","source_url":"https:\/\/instituutit.fi\/hallinta\/wp-content\/uploads\/2020\/03\/wild_at_heart-2_c_Maija-Astikainen-460x690.jpg"},"thumbnail":{"file":"wild_at_heart-2_c_Maija-Astikainen-300x300.jpg","width":300,"height":300,"mime_type":"image\/jpeg","source_url":"https:\/\/instituutit.fi\/hallinta\/wp-content\/uploads\/2020\/03\/wild_at_heart-2_c_Maija-Astikainen-300x300.jpg"},"slider_thumb":{"file":"wild_at_heart-2_c_Maija-Astikainen-720x365.jpg","width":720,"height":365,"mime_type":"image\/jpeg","source_url":"https:\/\/instituutit.fi\/hallinta\/wp-content\/uploads\/2020\/03\/wild_at_heart-2_c_Maija-Astikainen-720x365.jpg"},"portrait":{"file":"wild_at_heart-2_c_Maija-Astikainen-90x90.jpg","width":90,"height":90,"mime_type":"image\/jpeg","source_url":"https:\/\/instituutit.fi\/hallinta\/wp-content\/uploads\/2020\/03\/wild_at_heart-2_c_Maija-Astikainen-90x90.jpg"},"portrait-new":{"file":"wild_at_heart-2_c_Maija-Astikainen-230x230.jpg","width":230,"height":230,"mime_type":"image\/jpeg","source_url":"https:\/\/instituutit.fi\/hallinta\/wp-content\/uploads\/2020\/03\/wild_at_heart-2_c_Maija-Astikainen-230x230.jpg"},"full":{"file":"wild_at_heart-2_c_Maija-Astikainen.jpg","width":720,"height":1080,"mime_type":"image\/jpeg","source_url":"https:\/\/instituutit.fi\/hallinta\/wp-content\/uploads\/2020\/03\/wild_at_heart-2_c_Maija-Astikainen.jpg"}},"image_meta":{"aperture":"0","credit":"","camera":"","caption":"","created_timestamp":"0","copyright":"Maija Astikainen","focal_length":"0","iso":"0","shutter_speed":"0","title":"","orientation":"1","keywords":[]}},"post":null,"source_url":"https:\/\/instituutit.fi\/hallinta\/wp-content\/uploads\/2020\/03\/wild_at_heart-2_c_Maija-Astikainen.jpg","_links":{"self":[{"href":"https:\/\/instituutit.fi\/sv\/wp-json\/wp\/v2\/media\/3955","targetHints":{"allow":["GET"]}}],"collection":[{"href":"https:\/\/instituutit.fi\/sv\/wp-json\/wp\/v2\/media"}],"about":[{"href":"https:\/\/instituutit.fi\/sv\/wp-json\/wp\/v2\/types\/attachment"}],"author":[{"embeddable":true,"href":"https:\/\/instituutit.fi\/sv\/wp-json\/wp\/v2\/users\/6"}],"replies":[{"embeddable":true,"href":"https:\/\/instituutit.fi\/sv\/wp-json\/wp\/v2\/comments?post=3955"}]}}

<p class="attachment"><a href='https://instituutit.fi/hallinta/wp-content/uploads/2020/03/wild_at_heart-2_c_Maija-Astikainen.jpg'><img loading="lazy" decoding="async" width="300" height="450" src="https://instituutit.fi/hallinta/wp-content/uploads/2020/03/wild_at_heart-2_c_Maija-Astikainen-300x450.jpg" class="attachment-medium size-medium" alt="Esineitä näyttelyssä" srcset="https://instituutit.fi/hallinta/wp-content/uploads/2020/03/wild_at_heart-2_c_Maija-Astikainen-300x450.jpg 300w, https://instituutit.fi/hallinta/wp-content/uploads/2020/03/wild_at_heart-2_c_Maija-Astikainen-460x690.jpg 460w, https://instituutit.fi/hallinta/wp-content/uploads/2020/03/wild_at_heart-2_c_Maija-Astikainen.jpg 720w" sizes="auto, (max-width: 300px) 100vw, 300px" /></a></p>

<p>Instituuttien osallistuminen yli 20 messuille toi laajaa kansainvälisille näkyvyyttä suomalaisille tekijöille. Suomi oli Vienna Design Weekin vuoden 2019 teemamaa. Muotoilija Tero Kuitusen kuratoima Wild at Heart -näyttely oli Vienna Design Weekin teemamaaohjelman ytimessä. Sisältöä koordinoi Suomen Saksan-instituutti. Wienin designviikon jälkeen näyttely on nähty Budapestissa ja Tukholmassa, myöhemmin se siirtyy vielä Tokioon ja syyskuussa 2020 Helsingin Habitare-messuille. Kuva © Maija Astikainen</p>

Esineitä näyttelyssä
